 - 4*d. What is the tens digit of s?
5
Let q(d) = -128*d - 342. What is the thousands digit of q(-17)?
1
Suppose 4*l + 5*u = 1208, 0*l + 3*l - 2*u - 929 = 0. What is the hundreds digit of l?
3
Let a be 1724/44 - 2/11. Suppose 0 = -5*v - 3*i - 3 + 68, -3*v = -2*i - a. What is the tens digit of v?
1
Let i(m) = m**2 - 12*m - 18. Let c(k) = k**2 - 13*k - 18. Let a(j) = 6*c(j) - 5*i(j). Let u be a(19). Suppose 277 = 4*x + u. What is the units digit of x?
9
Suppose 2*h + 78 = 8*h. Suppose -5*o = 2*j + h, 8 + 2 = -4*o - 2*j. Let s(m) = 2*m**2 - 4*m + 1. What is the tens digit of s(o)?
3
Suppose 26*a + 11891 - 50891 = 0. What is the thousands digit of a?
1
Let v = 36 - 7. Let f = -12 + v. What is the tens digit of f?
1
Let j(t) = -3*t**3 + t - 3. Let d be j(-2). Suppose d*s = 5*s + 2730. What is the units digit of s?
5
Suppose 6 = 2*t, -4*t + 6*t - 326 = 4*s. Let u be s/15*(-6)/4. What is the units digit of 6*2 + (u - 4)?
6
Let c = -12105 - -17747. What is the hundreds digit of c?
6
Let a = -30 - 52. What is the tens digit of 9/12 + 0 + a/(-8)?
1
Let k be 16/24 - (-220)/3. Suppose p - 4*d + 18 - k = 0, 0 = 5*p + 4*d - 400. What is the tens digit of p?
7
Let c(i) = i**2 + i - 5. Let o(q) = q**2 - q + 15. Let w be o(0). Suppose 4*b - p = b + 13, 0 = -4*b - p + w. What is the tens digit of c(b)?
1
What is the units digit of 18/(((-80)/(-88))/5)?
9
Let x(i) = 181*i. Let n be x(4). Suppose 139 - n = -5*r. What is the hundreds digit of r?
1
Let j = 25 - 80. Let s = 121 + j. What is the tens digit of s?
6
Suppose -4*b + 4*v = -1487 - 6821, -2*b + 4*v + 4152 = 0. What is the thousands digit of b?
2
Suppose r + a - 28 = 0, 2*r = -a + 2*a + 56. Let l be (-184)/r + 6/(-14). Let b = l - -25. What is the units digit of b?
8
Suppose 6*o - 3*o = 3159. What is the units digit of o?
3
What is the thousands digit of ((-102)/(-12))/(-17)*-4438?
2
Let t be (3 + -2 + (-4 - -3))/(-1). What is the units digit of (13 + -3 - t)/1?
0
Let g(m) = -m**2 - m + 14. Let o be g(10). Let r = o + 67. Let i = -12 - r. What is the units digit of i?
7
Suppose -29*d + 13934 + 9643 = 0. What is the tens digit of d?
1
Let f be (-3)/(262/1000 + (-5)/20). Let a = 423 + f. What is the tens digit of a?
7
Let o(w) = -w**3 + 7*w**2 - 7*w + 9. Suppose 15 = 3*r - 3. What is the units digit of o(r)?
3
Let h = 104 - 95. Suppose -u + 1340 = h*u. What is the units digit of u?
4
Let m(i) = 2*i**2 - 2*i - 2. Let q be m(2). What is the tens digit of (-114)/(-30)*(3 + q)?
1
Suppose -4*p + 22 = -2*u, 3*u - 4*p + 3*p + 8 = 0. What is the hundreds digit of (-3 + (u - -5))*103?
1
Let q(m) = -8*m + 5. Suppose 2*p - 5*p - 12 = 0. Let f be q(p). Suppose -d + 21 = 2*x - 3*x, 0 = -d + 5*x + f. What is the tens digit of d?
1
Let t(h) = -4*h - 6. Let p be t(-10). Suppose -3*b + p = -101. What is the units digit of b?
5
Let l(t) = -20*t - 2. Let u(m) = 1. Let b(k) = l(k) - 5*u(k). What is the tens digit of b(-2)?
3
Let c(z) = -5*z. Let w be c(3). Let x = -12 - w. What is the tens digit of 9 - (-2 + x - 2)?
1
Suppose -29*w + 36560 = -6824. What is the hundreds digit of w?
4
Suppose 3*g + 12 = 3*y, 0 = -3*y - g - 4. Suppose -9*o + 5*o + 192 = y. What is the tens digit of o?
4
Let u be (5/2)/(-1*6/36). Let n(y) = -y**3 - 14*y**2 + 13*y + 13. What is the units digit of n(u)?
3
Suppose -2*x - 4*p - 12 = 0, p = -4 - 1. Suppose 0 = -c - 2*s - 31, -139 - 21 = x*c - 4*s. Let q = c - -65. What is the tens digit of q?
2
Suppose 4*p + 644 = 2*v, p - 297 - 1368 = -5*v. Suppose 3*d = v + 580. Suppose 3*r - d = -r. What is the units digit of r?
6
Suppose 803 = j - 2*g, -9*j + 3*g + 3187 = -5*j. What is the tens digit of j?
9
Let n(w) = -13*w**3 + 7*w**2 - 9*w - 5. What is the hundreds digit of n(-4)?
9
Let k = 1301 + -805. What is the tens digit of k?
9
Let a = 237 - 49. Suppose -a = -2*z - 0*z + 3*u, 3*z = -2*u + 269. What is the tens digit of z?
9
Let r = 15 - 9. Suppose -2*k + 48 = 2*s, 4*s + 59 = 2*k - 7. Suppose -r*x = -5*x - k. What is the units digit of x?
7
Suppose -2*w = w - 9. Suppose 2*j + 9 - w = 0. What is the units digit of (-8)/(j + 76/28)?
8
Suppose 0*y - 3*y + 3*m - 33 = 0, 3*y - 2*m + 30 = 0. Let v(p) = p**2 - p + 1. What is the tens digit of v(y)?
7
Suppose -3*h + 76 = -8. Suppose -7 = -5*u + h. What is the units digit of u?
7
Let a be -1 + (-15)/(-13) - (-288)/156. Suppose 0 = -5*y + a*z + 418, 178 + 245 = 5*y + 3*z. What is the units digit of y?
4
Let g = 26 + 249. What is the units digit of g?
5
Let p(j) = 15*j - 1. Let n be p(3). Suppose n = -5*k + 119. What is the tens digit of k?
1
Let z(q) be the second derivative of q**4/12 + 7*q**3/6 + 3*q**2/2 - q. What is the tens digit of z(-9)?
2
Let q = -78 - -118. Let j = q - 32. What is the units digit of j?
8
Suppose -13 + 12 = -a. What is the units digit of ((-44)/16)/a*-4?
1
Let o be 36/30*40/(-6). What is the units digit of (-104)/(3*o/12)?
2
Let s = 762 + -490. What is the units digit of s?
2
Let v(n) = 3*n**2 - 11*n + 27. What is the hundreds digit of v(8)?
1
Let b(a) = a + 21. Let t be b(-17). Suppose 18 = 3*k - 2*k. Suppose -t*d - k = -5*d. What is the tens digit of d?
1
Let v(q) = -2*q**3 - 9*q**2 - 7. Let u(t) = 3*t**3 + 10*t**2 + 8. Let p(r) = 3*u(r) + 4*v(r). What is the tens digit of p(7)?
4
What is the units digit of 1*2564*(-4)/(-8)?
2
Suppose 0 = 3*k - 7*k - 28. Let a be (-12)/(-42) - 47/k. What is the tens digit of a*(7 + (-2 - 2))?
2
What is the tens digit of 72/(-252) + 4064/14?
9
Let q(t) = 27*t - 4. Let o(f) = -55*f + 7. Let j(v) = 3*o(v) + 7*q(v). What is the tens digit of j(3)?
6
Suppose 4*r - 10 = 6, 0 = -4*i - 4*r + 68. Let y = 46 + i. What is the tens digit of y?
5
Let b(s) be the first derivative of 2*s**3/3 - 5*s**2/2 - 1. Let m be b(4). What is the units digit of (10/3)/(m/18)?
5
Let a(f) = -118*f - 21. What is the units digit of a(-1)?
7
Suppose y + 4*a = -0*y - 49, -2*y = -2*a + 88. Let q = y - -72. Suppose f = q + 25. What is the tens digit of f?
5
Suppose 3*i - 2281 = -4*g, 4*i - 2*i + 3*g - 1522 = 0. What is the hundreds digit of i?
7
What is the units digit of (-41244)/(-18) - (-7)/(-21)?
1
Suppose -6*q + 9*q - 10 = -5*p, 5*p + q = 0. Let k = 0 - -2. What is the tens digit of 31*k*p/(-2)?
3
Let d be ((-10)/(-4) + -3)*106. Let i = d - -98. What is the tens digit of i?
4
Let z = 1024 - -341. What is the units digit of z?
5
Let f be -1 + (0 - 2) + 5. Suppose -44 = -4*n - 4*b, -36 = -2*n + f*b - 6. Let c = 29 - n. What is the units digit of c?
6
What is the units digit of 121836/(-104)*(-2)/3?
1
Let y(b) be the third derivative of b**4/4 + 18*b**2. Let s = 8 - 6. What is the tens digit of y(s)?
1
What is the tens digit of (1 - -3) + 15 + 1710?
2
Let b = 34 + 122. What is the tens digit of b?
5
Let d(x) = -x**2 - 10*x - 18. Let m be d(-6). Let n(i) = -m*i**2 + 8 - 4 - 2*i + 3*i + 5 - i**3. What is the units digit of n(-7)?
1
Suppose 2*k + 5*z + 141 = 0, -5*k - 2*z - 344 = 2*z. What is the tens digit of k/(-7) - (-16)/56?
1
Suppose -3*m + 0*m + 41 = -4*g, -5*g = -2*m + 25. Suppose -2*s + 77 + m = 2*i, s + 4*i = 34. What is the units digit of s?
0
Suppose 0 = -87*a + 64*a + 10948. What is the hundreds digit of a?
4
Let c(w) be the third derivative of -w**5/15 - w**4/24 - w**3/3 + 2*w**2. Let t be c(-2). Let y = t + 27. What is the units digit of y?
1
Suppose -a - 4076 = 5*m + 1784, 4*a - 3*m + 23555 = 0. What is the tens digit of a/(-66) + 1/(-6)?
8
Suppose 4*g = 2*f - 50, 4*g + 2*f + 0*f + 70 = 0. Let v = 24 + g. What is the units digit of v?
9
Suppose c - 3*c = 0. Let m(t) = 2*t + 28. What is the units digit of m(c)?
8
Let b(w) = -19*w - 5. Let i be b(-2). Suppose 21 + i = 6*h. What is the units digit of h?
9
Let v(d) = d**3 - 5*d**2 + 6*d - 1. Let o be -1 - 1 - (-12 - -3). What is the units digit of v(o)?
9
Suppose 18*p = 21*p - 1224. What is the units digit of p?
8
Let j(b) = b**3 + 3*b**2 + 4*b. Let p be j(-3). Let q = p - -12. Suppose -19 = -m - q. What is the tens digit of m?
1
Let j(l) = l**3 - 5*l**2 + 2*l + 2477. What is the thousands digit of j(0)?
2
Let d = -13 - -27. Suppose -4*z + d = -2*x, 0 = 2*z - x + 2*x - 9. Let f = 79 - z. What is the units digit of f?
5
Let c = -1043 - -2603. What is the tens digit of c?
6
Let j = 10 - 10. Suppose -3*r + 3 = -j. What is the tens digit of -2 + 21 + 1/r?
2
Suppose -6*r = 4*u - r + 